or of g and v.
1
Suppose 0 = a + 4*m - 166, a + 7 = -5*m + 172. Suppose 0 = -b - 2*b - 2*n + 98, 2*n = 2*b - 72. What is the highest common factor of a and b?
34
Suppose 2*h - 2*r - 18 = 36, 3*h = -4*r + 102. What is the highest common factor of 75 and h?
15
Let q be 132/11*44/3. What is the greatest common factor of 16 and q?
16
Let m(s) = -60*s + 150. Let x be m(-6). What is the highest common factor of 153 and x?
51
Let c = 1511 + -599. Suppose 2*g = -4*g + c. What is the greatest common divisor of g and 19?
19
Suppose -4*u = k - 10, 4*k + 3 = -5*u + 21. Calculate the highest common factor of k and 73.
1
Let k be (9 - (-23)/(-3))/(1/117). What is the greatest common factor of 24 and k?
12
Let h(p) = -42*p**2 + 12*p - 11. Let w be h(1). Let r = w - -60. Calculate the greatest common factor of 190 and r.
19
Let w(p) = -p**3 - 16*p**2 + 33*p - 42. Let r be w(-18). What is the highest common divisor of 1176 and r?
12
Suppose -3*a = 2*a + 5*x - 40, -18 = -3*a + 3*x. Suppose 2 = 7*u - 5*u. Calculate the greatest common factor of a and u.
1
Let a = -10 + 21. Suppose -663 = -6*i - 201. Calculate the highest common factor of a and i.
11
Suppose -20*b = 19*b - 15444. Calculate the greatest common divisor of 220 and b.
44
Suppose 1355*x + 11968 = 1372*x. What is the greatest common divisor of x and 22?
22
Let v(i) = -36*i**3 + i**2 - i + 4. Let k be v(-3). Suppose 0 = 5*l + 78 - k. Calculate the highest common divisor of 26 and l.
26
Let l = 97 + 69. What is the highest common factor of l and 2?
2
Let r be (-3)/4 - 950/(-40). Suppose 33*m = 30*m - 3. Let x be (m*69)/(21/(-14)). Calculate the greatest common divisor of r and x.
23
Let b(l) = -l**3 + 2*l - 83. Let w be b(0). Let p = w + 93. Calculate the highest common factor of p and 50.
10
Suppose 3*u - 120 + 18 = 0. Let v = u + -32. Suppose v*p - 70 = k, -5*p - 6*k + 4*k = -193. What is the greatest common divisor of 37 and p?
37
Let a(m) = -9*m - 8*m + 4 + 0 + 3. Let v be a(-3). Calculate the highest common factor of 29 and v.
29
Let c(z) = -13*z**3 - 5*z**2 - 2*z + 3. Let l be c(-3). Suppose 2*k - 5*k = -l. Let g be k/(-2)*(-10 + 8). Calculate the highest common factor of g and 15.
15
Suppose 3*k = 4*o - 3 - 9, 0 = -3*k + 3*o - 15. Let h be (-4)/k*6 - -2. Suppose -112 = -6*b + h*b. What is the greatest common factor of b and 16?
16
Suppose 0 = 2*p + 4*l + l - 75, 4*p - 174 = -2*l. Calculate the highest common factor of 240 and p.
15
Suppose -3*x + 27 = 3*j, 4*x - 61 = 4*j - 9. Calculate the highest common factor of 33 and x.
11
Suppose -13*c + 17*c = -4. Let l = c + 3. Suppose l*n + 0 = 6. What is the greatest common factor of 12 and n?
3
Let j(k) = -k**3 - 2*k**2 + 9*k + 22. Let p be j(-2). Calculate the highest common factor of 44 and p.
4
Let v = -27 - -29. Suppose -4 = -v*l - 2. What is the greatest common divisor of l and 7?
1
Let n be 196/6 - 4/6. Let v(l) = 589*l + 16. Let u be v(0). Calculate the highest common divisor of n and u.
16
Let g(v) = 2*v**3 - 9*v**2 + 11*v - 43. Let m be g(7). Calculate the greatest common divisor of 93 and m.
93
Suppose 3*s - 25 = 2*p, -5*s + 55*p - 51*p + 43 = 0. Calculate the greatest common divisor of 959 and s.
7
Let s = -287 - -386. Calculate the greatest common factor of 27 and s.
9
Let m be (2 - 5 - -3)/2. Let k(r) = 4 + m*r**2 - 3*r + r**3 + 5*r**2 - 4*r**2 + 2*r. Let t be k(0). What is the highest common divisor of 1 and t?
1
Let w = 33 - 19. Let z(f) = -f**3 + 10*f**2 - 3*f - 12. Let s be z(9). What is the highest common divisor of w and s?
14
Suppose -3*r - n - 3*n = -3706, 4958 = 4*r + 2*n. What is the greatest common divisor of 69 and r?
69
Let k be (-45 - (2 - 1))/(-2). Suppose -2*y + 3*l = -23, 5*y + l - 3*l = 30. Let g = k - y. What is the greatest common factor of g and 38?
19
Suppose 0 = 54*s - 4437 + 927. What is the highest common factor of 80 and s?
5
Suppose 0 = i - 5*i + 8. Suppose 11*v - 14 = 4*v. What is the greatest common factor of i and v?
2
Suppose -5*j = 0, u - 240 = 2*j - j. Calculate the highest common factor of 45 and u.
15
Suppose k - 24 = 14. Let x(m) = m**2. Let j(o) = 2*o**2 + 5*o + 7. Let r(v) = -j(v) + 4*x(v). Let d be r(-6). Calculate the greatest common factor of d and k.
19
Let n(h) = h**2 + 22*h + 27. Let p be n(-21). Let l = 8 + p. Calculate the greatest common divisor of l and 7.
7
Suppose -5*r - 33 = -13. Let b(p) = 0 - 6 - 36*p - 2. Let d be b(r). What is the greatest common factor of d and 17?
17
Suppose -4*u = 2*r - 28, u = -2*u + 5*r + 34. Let w be (-2 + u)*28/8. Calculate the highest common divisor of 28 and w.
7
Suppose -8*p + p = 0. Suppose y - 4*n + 4 = p, -5*n = y - 3*n - 8. What is the greatest common divisor of 4 and y?
4
Suppose 0*t - 2*t + 50 = 0. Let x be ((-15)/4)/(27/(-180)). Let o be 3*x*(-2)/(-6). What is the highest common divisor of o and t?
25
Let n(y) = 18*y - 12. Let a be n(5). Suppose 2*r = -3*k + 13, k + 2*r - 11 = -0*r. Let o be k*-1*52*-1. Calculate the highest common divisor of o and a.
26
Suppose -19*h + 24 = -18*h. Suppose 0 = 4*k + 5*f - 97, 2*k - 3*f - h = -3. Suppose -y + 180 = 3*y. Calculate the greatest common divisor of y and k.
9
Let m(d) = 4*d**3 - 11*d**2 + 4*d - 14. Let f be m(5). Suppose z - 30 = -0*n + n, 12 = 4*n. What is the highest common divisor of z and f?
33
Let r = -40 - -36. Let n be (-36)/(-13*r/32 - 2). Suppose -2*i - 2*i - 276 = -4*w, 182 = 3*w + 2*i. What is the highest common factor of w and n?
32
Suppose 4*r = -357 - 199. Let w = r + 247. Let s be (-2)/4*-6*4. Calculate the highest common divisor of w and s.
12
Suppose 3*p = -15 + 48. What is the highest common factor of p and 2?
1
Let v be -2*2*4 - 1. Let o be (-7)/(-14) - v/2. Let g be (-12564)/(-126) - (-5)/(-7). Calculate the highest common divisor of g and o.
9
Let l be (-2)/3 + 706/6. Suppose 5*x = 5*w - 155, -3*x + 3*w - 67 = -x. Let c be 0 + ((-2)/2)/(2/x). Calculate the highest common factor of c and l.
13
Suppose 12*b = 5*b + 70. Suppose b*v - 495 = 7*v. What is the highest common factor of 33 and v?
33
Let n = 29 + 6. Suppose 2*w + 712 = 6*w + 4*s, 5*w = 3*s + 866. Calculate the greatest common factor of w and n.
35
Let n(w) = 66*w**2 - 10*w. Let z be n(1). Calculate the greatest common factor of z and 20.
4
Suppose 83*x - 82*x + 4*g = 14, -2*x = 3*g - 43. Calculate the greatest common factor of 767 and x.
13
Suppose 16*t + 13338 = 54*t. Calculate the highest common factor of t and 65.
13
Let p = 59 + -54. Let h = 1 + p. What is the highest common divisor of h and 12?
6
Suppose -3*v + 7 - 3 = -i, -4*i - 16 = 3*v. Suppose v*o - 252 = -6*o. What is the greatest common factor of 63 and o?
21
Let c = -53 - -143. Suppose -m + 1 = -4. Suppose -m*d + 0*d + 176 = 2*o, d + o = 34. What is the greatest common factor of d and c?
18
Let b(s) = s**3 - 10*s**2 - 4*s. Let p be b(12). Suppose 2*y - 4 + 0 = 0. Suppose 0 = y*d + d - p. What is the highest common factor of d and 10?
10
Let b = -2149 - -2161. Calculate the greatest common divisor of 92 and b.
4
Suppose 50 = -2*r + 7*r. Suppose 6*i = i + r, -j + 22 = -i. What is the highest common factor of 4 and j?
4
Suppose 2*n - 7*m = -10*m + 19, -21 = -3*n - 2*m. Suppose -n*w - 230 = -15*w. What is the highest common factor of w and 69?
23
Let k(b) = b**2 + 5*b + 7. Let a be k(-4). Let d be 18/27 - (-31)/a. Calculate the greatest common factor of 44 and d.
11
Suppose 5*x = 6*f - 2*f + 4, 0 = 2*f - x - 4. Suppose 3*q + f*v - 482 = -v, -4*q + 608 = -2*v. What is the greatest common divisor of q and 14?
14
Suppose -5*z = -2*z - 18. Let r(v) = 2*v**2 - 7*v - 4. Let d be r(6). Suppose -28 = -x + d. What is the greatest common factor of z and x?
6
Suppose -4*t = -5*t - 2*w - 10, -10 = 3*t - 4*w. Let h be (52/t)/((-4)/18). Let r be (346/14 - -1) + 12/42. Calculate the highest common divisor of r and h.
13
Let f = 11 - 10. Suppose -3*y - 6 + 0 = 0, 5*u - 2*y - 54 = 0. Suppose 0 = -2*v + 3*j + u, v - 2*j + 44 = 6*v. What is the greatest common factor of f and v?
1
Let t(c) = 37*c**2 + 20*c + 7. Let s be t(3). Calculate the highest common divisor of s and 25.
25
Let i = 1804 - 4334. Let z be i/35 - (-4)/14. Let b = z - -142. What is the greatest common factor of 14 and b?
14
Let v = -4 + 14. Suppose -a + v = -0. What is the highest common divisor of a and 80?
10
Let j = -2